28*m**2 - 11*m + 25. List the prime factors of p(7).
5, 607
Let b = 71 - 156. Let w = b + 122. Let q = -16 + w. What are the prime factors of q?
3, 7
Let t(p) = -p**2 + p + 5. Let b be t(0). Suppose -22 = 5*s - 2*m - 0*m, -4*m - 46 = b*s. Let l(y) = -7*y - 21. What are the prime factors of l(s)?
3, 7
Suppose 11*a - 9*a - 772 = -5*h, 3*h - 1911 = -5*a. What are the prime factors of a?
3, 127
Suppose i = 3*y + 1, -i + 9 = i + y. Let d be 2/(-2) + 1*i. Suppose d*o - 134 = 76. What are the prime factors of o?
2, 5, 7
Let y(t) = 2*t. Let h be y(2). Let b = 2 + h. List the prime factors of b.
2, 3
Suppose -28 + 8 = -5*x. List the prime factors of x/10*(4 + (269 - -2)).
2, 5, 11
Suppose -2*r + 4 = -0*r. Suppose 0*w = -r*w + 10. Suppose 2*q + w = 21. List the prime factors of q.
2
Let g = -37 - -31. Let c(p) = 5*p**2 + 4*p + 42. List the prime factors of c(g).
2, 3, 11
Let k(x) be the first derivative of -3*x + 2*x**3 - x**2 + x**2 - 5. What are the prime factors of k(3)?
3, 17
Let t(z) = -13*z**3 - z**2 - 2*z - 1. Let v be t(-1). Let s(x) = x**3 - 13*x**2 + 9*x - 12. List the prime factors of s(v).
3, 5, 7
Let z(h) be the third derivative of -h**6/60 + h**5/30 + h**4/24 + h**3/3 + 4*h**2. Let k be z(2). What are the prime factors of ((-138)/(-15))/(k/(-10))?
23
Suppose 2*d - 24 = -6*d. Suppose 2*k - 58 = -3*x + 123, -2*x + d*k = -112. List the prime factors of x.
59
Suppose 1106 = 10*w - 8564. List the prime factors of w.
967
Suppose 1 - 11 = -p. What are the prime factors of 67 + 6*(-5)/p?
2
Let l(x) = -10*x + 12. Suppose 0 = 7*h - 4*h + 30. Let i be l(h). Suppose 2*s = -2*s + i. What are the prime factors of s?
2, 7
Let f = 2534 - 474. What are the prime factors of f?
2, 5, 103
Suppose -4*f + 3*u + 181 = 0, f - 4 = 4*u + 38. List the prime factors of f.
2, 23
Let c(f) = -2*f**2 - f - 4. Let y be c(0). Let u be (-5)/(-10) - 78/y. Let x = 27 + u. What are the prime factors of x?
47
Suppose 0 = 102*q - 99*q - 5220. What are the prime factors of q?
2, 3, 5, 29
Suppose 8*f + 278 + 74 = 0. Let j = 75 - f. List the prime factors of j.
7, 17
Suppose 2*r - 5 = -2*q + 565, -2*r + 5*q + 577 = 0. List the prime factors of r.
2, 11, 13
Let l = 27 - 17. Let q(f) = f**2 - 10*f + 1. Let v be q(l). What are the prime factors of -3 + -1 + 34/v?
2, 3, 5
Suppose -5*p = -g, 4*p + 13 - 41 = -2*g. List the prime factors of 8*g*(-4)/(-16).
2, 5
Suppose -g - 7*f = -2*f + 272, -2*g = 5*f + 519. Let i = g - -553. List the prime factors of i.
2, 3, 17
Suppose -2*d = g - 5, -5 + 1 = -4*d. Suppose -5*q = -g - 2. What are the prime factors of ((-5)/5)/(q/(-27))?
3
List the prime factors of ((-1721)/2)/(68/(-136)).
1721
Suppose 77 = 9*t + 14. Suppose t*a = -38 + 185. List the prime factors of a.
3, 7
Suppose 0 = 375*r - 382*r + 7623. What are the prime factors of r?
3, 11
Suppose -12*h - 510 = -9*h. Let y = h - -252. List the prime factors of y.
2, 41
Let q = 9 - 5. Suppose q*x - 546 = a, 3*a + 144 = x - a. List the prime factors of x.
2, 17
Suppose 6*r + 2*w = 60, r + 4*w - 6 + 7 = 0. Suppose 3*q - 276 + 78 = 0. Let c = q + r. List the prime factors of c.
7, 11
Let l = -54 - -51. List the prime factors of (-440)/l + (0 - 6/9).
2, 73
Let k be 831/15 - ((-85)/(-25) - 3). What are the prime factors of (k/(-44) + (-2)/(-8))*-53?
53
Let p(l) be the third derivative of l**4/24 + l**3/3 + 3*l**2. Let h be p(-2). Let g(w) = w**2 + 37. List the prime factors of g(h).
37
Let y be 2*2/(-2)*-7. Suppose 9*r = y*r + 20. Let c(o) = -o**2 - 6*o + 1. List the prime factors of c(r).
3
Let v(p) = -p**2 - 6*p + 9. Let b be v(-7). Suppose -b*d + 4 = -6. Suppose -4*i = -d*k + i + 145, 0 = 5*k - 3*i - 137. What are the prime factors of k?
5
Let p = 645 + 3669. What are the prime factors of p?
2, 3, 719
Let z = 7778 - 2389. List the prime factors of z.
17, 317
Suppose 17*w = 14*w - 15. Let u(q) = 0*q**2 + 7*q**2 + 0*q - 2*q**3 + 1 + 3*q**3 + 2*q. List the prime factors of u(w).
41
Let u = -489 - -1402. What are the prime factors of u?
11, 83
Suppose 5615 = 14*l + 687. What are the prime factors of l?
2, 11
Suppose 4*w = 3 + 57. Let g = 32 + w. List the prime factors of g.
47
Suppose -4*h + 2*c - 7*c - 94 = 0, 2*c = -4*h - 88. List the prime factors of (-2)/7 - (4689/h - -4).
3, 73
Suppose 8*k - 13*k + 45 = 0. Suppose -k*p + 1307 = 434. What are the prime factors of p?
97
Let k be (0 - 4)*(-12)/(-8). Let j(g) = -30*g - 9. Let a be j(k). List the prime factors of (-4)/6*a/(-6).
19
Suppose 10*z - 710 = 15*z. Let s = z + 338. What are the prime factors of s?
2, 7
Let p(k) = 172*k**2 - 3*k - 4. Let x be p(-1). Let c = -45 + x. List the prime factors of c.
2, 3, 7
Let c(g) = -8*g**3 + 5*g**2 - 2*g - 6. Let r be c(3). Let h = -128 - r. List the prime factors of h.
5, 11
Let x = 196 + -66. Suppose 0 = -t + 1, -3*y + y + 4*t + x = 0. What are the prime factors of y?
67
Let d(m) = 1530*m + 64. What are the prime factors of d(1)?
2, 797
Let v(n) = 6*n - 10. Let c be v(4). Let z = 38 - c. Suppose -4*m + 40 = -z. What are the prime factors of m?
2
Let c(i) = i**2 + 9*i - 72. What are the prime factors of c(14)?
2, 5
Let s be ((-134)/(-4))/(2/28). List the prime factors of s/7 + 2 + -5.
2
Let o(s) = s**3 + 16*s**2 - 23*s - 13. List the prime factors of o(-12).
839
Let f(v) = v**3 - 8*v**2 + 6*v + 10. Let y be f(7). What are the prime factors of (-13)/y*-26 + 6/(-9)?
2, 7
Let j be -11 + (1 - -5 - (-3 - -6)). What are the prime factors of (j + 75/6)*(-164)/(-3)?
2, 3, 41
Let c(g) = 6*g - 15. What are the prime factors of c(14)?
3, 23
Let i(c) = c**2 - 16*c - 30. Let a be i(18). Suppose 4*t - 5*b - 1147 - 121 = 0, 3*b - 1548 = -5*t. List the prime factors of (2/4)/(a/t).
2, 13
Let c = -971 + 1230. What are the prime factors of c?
7, 37
Let a be 1/(2 + (-3 - -2)). List the prime factors of (8 - 18)*-2*a*2.
2, 5
Suppose 15 = -4*b - 1. Let t be (2 - 76/b) + -3. List the prime factors of (-8)/(-36) + 770/t.
43
Let y(b) = -1396*b - 574. List the prime factors of y(-5).
2, 3203
Let g(v) be the third derivative of -v**4/24 - 2*v**3/3 + 2*v**2. Let c be g(-5). What are the prime factors of 7 + c + (-1 - -2)?
3
Let f(u) = u**2 + 16*u + 19. Let m be f(-15). Suppose 5*z - 38 = m*n, 2*z + 2 - 6 = 0. List the prime factors of (-150)/(-35) - (-2)/n.
2
Suppose -6*p = 2 + 4. What are the prime factors of (-525)/(-60)*(p + 5)?
5, 7
Let u(n) = n**2 + 5*n - 7. Let x be u(-6). List the prime factors of ((-99)/(-5))/(x/(-5)).
3, 11
Suppose y + 2046 = u, -7*u - 2*y + 10237 = -2*u. List the prime factors of u.
23, 89
Let j(n) = -n**3 - 11*n**2 - 14*n - 5. Let q(i) = -9*i + 3*i**3 - 10 - 4*i**3 - 10*i**2 + 3*i**3 - 3*i**3. Let z be q(-9). List the prime factors of j(z).
5, 7
List the prime factors of 29667/58*(-2 + 4).
3, 11, 31
Let w = 115 - -71. Let r = w + -103. List the prime factors of r.
83
Suppose -32*c + 7940 = -12*c. List the prime factors of c.
397
Suppose -10*l + 2 = -9*l. Suppose l = -2*p + 56. What are the prime factors of p?
3
Suppose -3*g + g = -5*y - 8, -5*g + 20 = 2*y. Suppose 2*q - 2*i = 34, y*q = q - 3*i - 27. List the prime factors of q.
2, 3
Let m = -80 - -82. Suppose 2*f - m*i - 112 = -22, -2 = 2*i. List the prime factors of f.
2, 11
Let f be 2/((7/(-2))/7). Let a be f/(-16) - 94/(-8). Suppose -3*o + a = 0, 0 = 4*q - 4*o + 2*o - 48. What are the prime factors of q?
2, 7
Suppose 2*s + 2*n = -4, 3*n = -s - 0*s - 12. Suppose 12 = -u + i, -4*u - 4 = -2*u + s*i. Let b(d) = 2*d**2 + 7*d. What are the prime factors of b(u)?
2, 3
Let q be ((-70)/3)/(4/(-84)). Let s be (-6)/(-4)*q/5. List the prime factors of (-3)/(-6) - s/(-6).
5
Let v be -23*3/(-3) + 2. Suppose 2*i - 3*k + k + 98 = 0, 5*k - v = 0. What are the prime factors of i/(-6)*(11 + -5)?
2, 11
Suppose 2*w - 149 = 6*w + q, -3*w = 4*q + 115. Let m = w - -155. What are the prime factors of m?
2, 59
Suppose -2*a - 6 = 0, b - 4*a + 5 = 17. Suppose -3*d + 17 = k, 0 = d - b*d + 5*k - 1. Let i(y) = 2*y. What are the prime factors of i(d)?
2, 3
Suppose -s = -3*c + 116 + 334, c - 142 = 3*s. Suppose -b + c = 4*b - 2*j, 0 = 2*b - 4*j - 70. What are the prime factors of b?
29
Let r be 12 - (-6)/(-4 - -1). Let p = -7 + r. Suppose 0 = -p*g - 8 + 68. What are the prime factors of g?
2, 5
Let m = 73 + -43. Let w be (-192)/m + (-3)/5. Let y(p) = -2*p - 3. What are the prime factors o